
What is the highest common factor of 989 and 207?
23
Calculate the highest common divisor of 846 and 188.
94
Calculate the highest common divisor of 1017 and 8927.
113
What is the greatest common divisor of 805 and 35?
35
Calculate the greatest common factor of 194 and 679.
97
Calculate the greatest common factor of 12 and 852.
12
What is the greatest common factor of 5175 and 30?
15
What is the greatest common divisor of 2233 and 77?
77
What is the highest common factor of 12834 and 690?
138
Calculate the greatest common factor of 1324 and 331.
331
What is the highest common factor of 10 and 65?
5
What is the greatest common divisor of 546 and 378?
42
What is the greatest common factor of 559 and 13?
13
Calculate the greatest common divisor of 27 and 144.
9
Calculate the highest common factor of 111 and 851.
37
What is the highest common factor of 143 and 169?
13
Calculate the greatest common divisor of 232 and 58.
58
Calculate the greatest common divisor of 1125 and 36.
9
Calculate the greatest common divisor of 1492 and 4.
4
Calculate the highest common divisor of 15 and 445.
5
Calculate the highest common factor of 10 and 1280.
10
What is the highest common factor of 152 and 1786?
38
Calculate the greatest common factor of 259 and 287.
7
Calculate the highest common divisor of 8 and 136.
8
Calculate the greatest common factor of 190 and 1805.
95
What is the greatest common divisor of 1495 and 585?
65
Calculate the highest common factor of 84 and 480.
12
Calculate the greatest common factor of 836 and 22.
22
What is the highest common factor of 244 and 2379?
61
What is the greatest common factor of 5 and 3715?
5
What is the highest common factor of 1458 and 18?
18
What is the highest common divisor of 21 and 392?
7
Calculate the greatest common divisor of 144 and 2080.
16
Calculate the highest common factor of 3600 and 135.
45
Calculate the greatest common divisor of 7 and 16.
1
Calculate the highest common factor of 8755 and 85.
85
Calculate the highest common divisor of 33 and 42537.
33
Calculate the highest common divisor of 55 and 1430.
55
What is the greatest common divisor of 2359 and 49?
7
Calculate the highest common factor of 28 and 42.
14
Calculate the highest common divisor of 475 and 1025.
25
What is the highest common divisor of 1455 and 15?
15
What is the highest common factor of 4291 and 35?
7
What is the highest common factor of 518 and 14?
14
What is the greatest common factor of 385 and 693?
77
What is the highest common divisor of 187 and 17?
17
Calculate the highest common divisor of 6157 and 94.
47
Calculate the highest common factor of 368 and 322.
46
Calculate the highest common divisor of 2 and 1654.
2
Calculate the greatest common factor of 14 and 5362.
14
What is the highest common factor of 16 and 152?
8
What is the highest common divisor of 132 and 828?
12
Calculate the highest common divisor of 25 and 100.
25
Calculate the highest common factor of 119 and 12257.
119
What is the highest common divisor of 4 and 189?
1
Calculate the highest common factor of 885 and 7611.
177
What is the highest common factor of 693 and 1890?
63
What is the highest common factor of 390 and 60?
30
Calculate the greatest common divisor of 28 and 21.
7
Calculate the highest common factor of 1064 and 1624.
56
Calculate the greatest common divisor of 7663 and 158.
79
What is the highest common factor of 253 and 561?
11
What is the highest common divisor of 176 and 80?
16
What is the highest common divisor of 3431 and 365?
73
Calculate the highest common factor of 153 and 1.
1
Calculate the greatest common divisor of 400 and 110.
10
What is the highest common factor of 572 and 728?
52
Calculate the highest common factor of 249 and 913.
83
What is the greatest common divisor of 2 and 499?
1
What is the highest common divisor of 945 and 35?
35
Calculate the highest common factor of 95 and 65.
5
What is the highest common factor of 2 and 4478?
2
Calculate the highest common factor of 920 and 8.
8
What is the greatest common divisor of 2401 and 98?
49
What is the greatest common factor of 7505 and 285?
95
Calculate the greatest common divisor of 25 and 2045.
5
What is the greatest common factor of 768 and 1296?
48
What is the greatest common divisor of 45 and 315?
45
What is the greatest common divisor of 134 and 1273?
67
Calculate the highest common divisor of 10885 and 105.
35
What is the highest common divisor of 56 and 364?
28
Calculate the highest common factor of 108 and 60.
12
Calculate the greatest common factor of 31 and 589.
31
Calculate the highest common factor of 19809 and 558.
279
Calculate the greatest common factor of 9890 and 460.
230
Calculate the greatest common divisor of 860 and 100.
20
What is the highest common factor of 22 and 528?
22
What is the greatest common factor of 2502 and 54?
18
What is the greatest common factor of 52011 and 9?
9
Calculate the highest common divisor of 4197 and 3.
3
What is the highest common factor of 2071 and 114?
19
What is the highest common factor of 5 and 2?
1
What is the greatest common divisor of 44 and 286?
22
Calculate the highest common factor of 24 and 11280.
24
What is the greatest common divisor of 553 and 1501?
79
Calculate the greatest common factor of 7 and 511.
7
Calculate the greatest common factor of 20 and 12.
4
Calculate the greatest common divisor of 5 and 5300.
5
Calculate the highest common divisor of 7047 and 174.
87
Calculate the highest common divisor of 115 and 5.
5
Calculate the highest common factor of 15 and 20635.
5
What is the greatest common divisor of 8792 and 56?
56
What is the highest common divisor of 1364 and 44?
44
Calculate the greatest common factor of 72 and 13032.
72
Calculate the greatest common factor of 76 and 114.
38
What is the greatest common divisor of 8 and 828?
4
What is the highest common factor of 118 and 30385?
59
Calculate the greatest common divisor of 2046 and 132.
66
Calculate the greatest common divisor of 22 and 1034.
22
What is the greatest common divisor of 8 and 1528?
8
Calculate the highest common factor of 61 and 10187.
61
Calculate the greatest common factor of 52 and 117.
13
Calculate the greatest common divisor of 13 and 15119.
13
What is the highest common factor of 64 and 2000?
16
Calculate the highest common factor of 1022 and 28.
14
Calculate the highest common divisor of 18 and 27.
9
Calculate the greatest common divisor of 3014 and 110.
22
Calculate the highest common divisor of 14427 and 63.
63
What is the greatest common factor of 651 and 27?
3
What is the highest common factor of 9485 and 350?
35
What is the greatest common divisor of 260 and 4460?
20
Calculate the highest common divisor of 13 and 17147.
13
Calculate the greatest common factor of 13730 and 20.
10
What is the greatest common factor of 304 and 38?
38
What is the highest common divisor of 742 and 318?
106
What is the highest common factor of 516 and 60?
12
Calculate the greatest common factor of 81 and 837.
27
What is the greatest common factor of 130 and 20?
10
Calculate the highest common divisor of 150 and 18.
6
Calculate the greatest common divisor of 3672 and 952.
136
Calculate the highest common factor of 73 and 1.
1
Calculate the greatest common factor of 481 and 1339.
13
What is the highest common factor of 1272 and 64?
8
Calculate the highest common factor of 16 and 2224.
16
What is the greatest common factor of 67 and 11993?
67
Calculate the highest common divisor of 170 and 3111.
17
Calculate the highest common divisor of 2 and 21970.
2
Calculate the highest common factor of 657 and 63.
9
What is the highest common divisor of 18490 and 172?
86
Calculate the highest common divisor of 1012 and 2852.
92
What is the greatest common divisor of 10 and 334?
2
Calculate the highest common factor of 11076 and 1092.
156
Calculate the highest common factor of 380 and 532.
76
What is the highest common divisor of 6 and 147?
3
Calculate the highest common divisor of 75 and 9.
3
What is the greatest common divisor of 23 and 92?
23
What is the greatest common factor of 4420 and 17?
17
Calculate the highest common factor of 40 and 5.
5
Calculate the greatest common divisor of 2875 and 92.
23
What is the highest common factor of 37 and 296?
37
Calcul